 42401 is divided by 248.
241
What is the remainder when 4775 is divided by 25?
0
Calculate the remainder when 16427 is divided by 37.
36
Calculate the remainder when 291 is divided by 38.
25
Calculate the remainder when 12427 is divided by 110.
107
What is the remainder when 3728711 is divided by 34?
33
Calculate the remainder when 2651 is divided by 164.
27
What is the remainder when 5643 is divided by 53?
25
Calculate the remainder when 994136 is divided by 489.
488
What is the remainder when 1048153 is divided by 23?
20
What is the remainder when 58705 is divided by 14588?
353
Calculate the remainder when 158 is divided by 7.
4
Calculate the remainder when 4161 is divided by 690.
21
Calculate the remainder when 316763 is divided by 2906.
9
What is the remainder when 1892 is divided by 16?
4
Calculate the remainder when 2611 is divided by 216.
19
Calculate the remainder when 29596 is divided by 124.
84
What is the remainder when 33665 is divided by 87?
83
Calculate the remainder when 31326 is divided by 157.
83
Calculate the remainder when 3256 is divided by 3159.
97
Calculate the remainder when 6636 is divided by 24.
12
What is the remainder when 9578 is divided by 415?
33
What is the remainder when 92202 is divided by 46095?
12
Calculate the remainder when 19677 is divided by 60.
57
What is the remainder when 2805 is divided by 288?
213
What is the remainder when 749 is divided by 651?
98
Calculate the remainder when 179218 is divided by 412.
410
What is the remainder when 73453 is divided by 249?
247
What is the remainder when 11407437 is divided by 14?
13
Calculate the remainder when 48621 is divided by 134.
113
Calculate the remainder when 311057 is divided by 130.
97
Calculate the remainder when 31242 is divided by 211.
14
Calculate the remainder when 12232 is divided by 266.
262
What is the remainder when 3788 is divided by 131?
120
Calculate the remainder when 5606 is divided by 623.
622
Calculate the remainder when 433242 is divided by 255.
252
What is the remainder when 519718 is divided by 129927?
10
Calculate the remainder when 3140 is divided by 825.
665
Calculate the remainder when 20899 is divided by 418.
417
Calculate the remainder when 30368 is divided by 12.
8
Calculate the remainder when 119530 is divided by 10.
0
Calculate the remainder when 12925 is divided by 1882.
1633
What is the remainder when 8045 is divided by 76?
65
What is the remainder when 147 is divided by 64?
19
Calculate the remainder when 1745 is divided by 771.
203
Calculate the remainder when 31906 is divided by 101.
91
Calculate the remainder when 6076 is divided by 370.
156
Calculate the remainder when 11632 is divided by 3728.
448
What is the remainder when 24483 is divided by 34?
3
What is the remainder when 497 is divided by 60?
17
Calculate the remainder when 25384 is divided by 4.
0
Calculate the remainder when 223301 is divided by 239.
75
What is the remainder when 4391 is divided by 6?
5
Calculate the remainder when 180 is divided by 45.
0
What is the remainder when 1146 is divided by 408?
330
What is the remainder when 607317 is divided by 7?
4
Calculate the remainder when 16945 is divided by 53.
38
Calculate the remainder when 15541 is divided by 5159.
64
What is the remainder when 68591 is divided by 72?
47
Calculate the remainder when 8658 is divided by 2461.
1275
What is the remainder when 54632 is divided by 13657?
4
Calculate the remainder when 116534 is divided by 29133.
2
What is the remainder when 24453 is divided by 12198?
57
Calculate the remainder when 15371 is divided by 7684.
3
What is the remainder when 5551 is divided by 1077?
166
Calculate the remainder when 8610 is divided by 1661.
305
Calculate the remainder when 14252155 is divided by 269.
266
What is the remainder when 172711 is divided by 111?
106
What is the remainder when 105495 is divided by 25?
20
What is the remainder when 20664 is divided by 986?
944
Calculate the remainder when 12608 is divided by 1248.
128
Calculate the remainder when 6557 is divided by 34.
29
What is the remainder when 1780 is divided by 633?
514
What is the remainder when 3708 is divided by 23?
5
Calculate the remainder when 534333 is divided by 48.
45
Calculate the remainder when 5193 is divided by 102.
93
What is the remainder when 25999 is divided by 10?
9
What is the remainder when 7219 is divided by 3601?
17
What is the remainder when 18667 is divided by 2844?
1603
Calculate the remainder when 11652 is divided by 46.
14
What is the remainder when 891281 is divided by 14?
13
What is the remainder when 88179 is divided by 414?
411
What is the remainder when 9542 is divided by 20?
2
Calculate the remainder when 130610 is divided by 43533.
11
What is the remainder when 15424 is divided by 416?
32
Calculate the remainder when 1314799 is divided by 139.
137
What is the remainder when 120844 is divided by 12?
4
What is the remainder when 1999 is divided by 25?
24
What is the remainder when 4660 is divided by 2241?
178
Calculate the remainder when 7031355 is divided by 9.
6
What is the remainder when 3660 is divided by 195?
150
What is the remainder when 317 is divided by 82?
71
Calculate the remainder when 428194 is divided by 142725.
19
Calculate the remainder when 2770 is divided by 628.
258
Calculate the remainder when 65634 is divided by 71.
30
What is the remainder when 28053 is divided by 5596?
73
What is the remainder when 48472 is divided by 16148?
28
Calculate the remainder when 19484 is divided by 415.
394
Calculate the remainder when 756 is divided by 510.
246
What is the remainder when 11681 is divided by 167?
158
Calculate the remainder when 18962 is divided by 269.
132
Calculate the remainder when 40699 is divided by 59.
48
What is the remainder when 1692 is divided by 305?
167
Calculate the remainder when 805 is divided by 159.
10
Calculate the remainder when 52886 is divided by 70.
36
Calculate the remainder when 278508 is divided by 250.
8
Calculate the remainder when 26709 is divided by 742.
739
What is the remainder when 480430 is divided by 59?
52
Calculate the remainder when 3850 is divided by 43.
23
What is the remainder when 28616 is divided by 130?
16
What is the remainder when 7625 is divided by 921?
257
Calculate the remainder when 3592 is divided by 1182.
46
Calculate the remainder when 9430 is divided by 197.
171
Calculate the remainder when 193873 is divided by 106.
105
What is the remainder when 1034 is divided by 304?
122
Calculate the remainder when 1895 is divided by 276.
239
Calculate the remainder when 15722 is divided by 982.
10
What is the remainder when 44056 is divided by 721?
75
What is the remainder when 29835 is divided by 473?
36
What is the remainder when 288241 is divided by 44?
41
What is the remainder when 8391 is divided by 903?
264
Calculate the remainder when 1204 is divided by 106.
38
Calculate the remainder when 2464 is divided by 34.
16
Calculate the remainder when 11527323 is divided by 433.
430
Calculate the remainder when 39664 is divided by 1802.
20
What is the remainder when 118170 is divided by 62?
60
Calculate the remainder when 2917 is divided by 419.
403
What is the remainder when 9958 is divided by 4956?
46
What is the remainder when 833659 is divided by 493?
489
What is the remainder when 507951 is divided by 161?
157
Calculate the remainder when 1616 is divided by 30.
26
Calculate the remainder when 1978 is divided by 86.
0
What is the remainder when 26963 is divided by 293?
7
What is the remainder when 11669 is divided by 5833?
3
Calculate the remainder when 1521 is divided by 110.
91
Calculate the remainder when 2011 is divided by 412.
363
What is the remainder when 22563 is divided by 2504?
27
Calculate the remainder when 4390 is divided by 60.
10
Calculate the remainder when 8111 is divided by 472.
87
What is the remainder when 1601 is divided by 327?
293
What is the remainder when 21778 is divided by 330?
328
What is the remainder when 29 is divided by 14?
1
What is the remainder when 16935 is divided by 995?
20
Calculate the remainder when 1647 is divided by 410.
7
Calculate the remainder when 6984 is divided by 1393.
19
Calculate the remainder when 41293 is divided by 2752.
13
What is the remainder when 127642 is divided b